{"id":97,"date":"2026-02-10T17:13:10","date_gmt":"2026-02-10T17:13:10","guid":{"rendered":"https:\/\/apotheke-am-rheumazentrum.de\/?page_id=97"},"modified":"2026-02-10T18:36:23","modified_gmt":"2026-02-10T18:36:23","slug":"vorsorge-praevention","status":"publish","type":"page","link":"https:\/\/apotheke-am-rheumazentrum.de\/index.php\/vorsorge-praevention\/","title":{"rendered":"Vorsorge &#038; Pr\u00e4vention"},"content":{"rendered":"<h2 data-start=\"254\" data-end=\"282\"><strong data-start=\"257\" data-end=\"282\">Vorsorge &amp; Pr\u00e4vention<\/strong><\/h2>\n<h3 data-start=\"284\" data-end=\"337\">Gesundheit erhalten \u2013 Risiken fr\u00fchzeitig erkennen<\/h3>\n<p data-start=\"339\" data-end=\"732\">Vorsorge und Pr\u00e4vention sind zentrale Bausteine f\u00fcr ein gesundes Leben. Viele Erkrankungen lassen sich durch fr\u00fchzeitige Ma\u00dfnahmen vermeiden oder zumindest positiv beeinflussen. In der <strong data-start=\"524\" data-end=\"579\">Apotheke am RheumaZentrum Athanassios Kiroudis e.K.<\/strong> unterst\u00fctzen wir Sie dabei, aktiv Verantwortung f\u00fcr Ihre Gesundheit zu \u00fcbernehmen \u2013 mit fachkundiger Beratung und individuell abgestimmten Empfehlungen.<\/p>\n<p data-start=\"734\" data-end=\"848\">Unser Ziel ist es, Sie nicht erst im Krankheitsfall zu begleiten, sondern Ihre Gesundheit langfristig zu sch\u00fctzen.<\/p>\n<hr data-start=\"850\" data-end=\"853\" \/>\n<h3 data-start=\"855\" data-end=\"888\">Warum Vorsorge so wichtig ist<\/h3>\n<p data-start=\"890\" data-end=\"1098\">Gesundheitliche Ver\u00e4nderungen entwickeln sich oft schleichend und bleiben lange unbemerkt. Durch gezielte Vorsorgema\u00dfnahmen k\u00f6nnen Risiken fr\u00fchzeitig erkannt und Gegenma\u00dfnahmen rechtzeitig eingeleitet werden.<\/p>\n<p data-start=\"1100\" data-end=\"1121\">Vorsorge hilft dabei:<\/p>\n<ul data-start=\"1122\" data-end=\"1291\">\n<li data-start=\"1122\" data-end=\"1150\">\n<p data-start=\"1124\" data-end=\"1150\">Erkrankungen vorzubeugen<\/p>\n<\/li>\n<li data-start=\"1151\" data-end=\"1200\">\n<p data-start=\"1153\" data-end=\"1200\">den Krankheitsverlauf positiv zu beeinflussen<\/p>\n<\/li>\n<li data-start=\"1201\" data-end=\"1254\">\n<p data-start=\"1203\" data-end=\"1254\">Lebensqualit\u00e4t und Leistungsf\u00e4higkeit zu erhalten<\/p>\n<\/li>\n<li data-start=\"1255\" data-end=\"1291\">\n<p data-start=\"1257\" data-end=\"1291\">Sicherheit im Alltag zu gewinnen<\/p>\n<\/li>\n<\/ul>\n<p data-start=\"1293\" data-end=\"1393\">Gerade bei chronischen Erkrankungen oder famili\u00e4ren Vorbelastungen ist Pr\u00e4vention besonders wichtig.<\/p>\n<hr data-start=\"1395\" data-end=\"1398\" \/>\n<h3 data-start=\"1400\" data-end=\"1444\">Pr\u00e4vention in verschiedenen Lebensphasen<\/h3>\n<p data-start=\"1446\" data-end=\"1668\">Der Bedarf an Vorsorge ver\u00e4ndert sich im Laufe des Lebens. Ob junge Erwachsene, Familien, Menschen mittleren Alters oder Seniorinnen und Senioren \u2013 jede Lebensphase bringt eigene gesundheitliche Herausforderungen mit sich.<\/p>\n<p data-start=\"1670\" data-end=\"1701\">Wir beraten Sie individuell zu:<\/p>\n<ul data-start=\"1702\" data-end=\"1822\">\n<li data-start=\"1702\" data-end=\"1741\">\n<p data-start=\"1704\" data-end=\"1741\">altersgerechter Gesundheitsvorsorge<\/p>\n<\/li>\n<li data-start=\"1742\" data-end=\"1777\">\n<p data-start=\"1744\" data-end=\"1777\">sinnvollen Pr\u00e4ventionsma\u00dfnahmen<\/p>\n<\/li>\n<li data-start=\"1778\" data-end=\"1822\">\n<p data-start=\"1780\" data-end=\"1822\">unterst\u00fctzenden Produkten f\u00fcr den Alltag<\/p>\n<\/li>\n<\/ul>\n<p data-start=\"1824\" data-end=\"1917\">Dabei ber\u00fccksichtigen wir Ihre pers\u00f6nliche Situation und bestehende gesundheitliche Faktoren.<\/p>\n<hr data-start=\"1919\" data-end=\"1922\" \/>\n<h3 data-start=\"1924\" data-end=\"1965\">Vorsorge bei chronischen Erkrankungen<\/h3>\n<p data-start=\"1967\" data-end=\"2200\">Menschen mit chronischen Erkrankungen profitieren besonders von gezielter Pr\u00e4vention. Regelm\u00e4\u00dfige \u00dcberpr\u00fcfung der Medikation, unterst\u00fctzende Ma\u00dfnahmen und eine bewusste Lebensf\u00fchrung k\u00f6nnen den Krankheitsverlauf positiv beeinflussen.<\/p>\n<p data-start=\"2202\" data-end=\"2240\">Unsere Beratung unterst\u00fctzt Sie dabei:<\/p>\n<ul data-start=\"2241\" data-end=\"2363\">\n<li data-start=\"2241\" data-end=\"2279\">\n<p data-start=\"2243\" data-end=\"2279\">Ihre Therapie sinnvoll zu erg\u00e4nzen<\/p>\n<\/li>\n<li data-start=\"2280\" data-end=\"2314\">\n<p data-start=\"2282\" data-end=\"2314\">Risiken fr\u00fchzeitig zu erkennen<\/p>\n<\/li>\n<li data-start=\"2315\" data-end=\"2363\">\n<p data-start=\"2317\" data-end=\"2363\">Ihre Gesundheit langfristig zu stabilisieren<\/p>\n<\/li>\n<\/ul>\n<p data-start=\"2365\" data-end=\"2416\"><strong data-start=\"2368\" data-end=\"2414\">Erg\u00e4nzende Informationen finden Sie unter:<\/strong><\/p>\n<ul data-start=\"2417\" data-end=\"2465\">\n<li data-start=\"2417\" data-end=\"2441\">\n<p data-start=\"2419\" data-end=\"2441\"><a href=\"https:\/\/apotheke-am-rheumazentrum.de\/index.php\/schwerpunkt-rheuma\/\"><em data-start=\"2419\" data-end=\"2439\">Schwerpunkt Rheuma<\/em><\/a><\/p>\n<\/li>\n<li data-start=\"2442\" data-end=\"2465\">\n<p data-start=\"2444\" data-end=\"2465\"><a href=\"https:\/\/apotheke-am-rheumazentrum.de\/index.php\/medikationsberatung\/\"><em data-start=\"2444\" data-end=\"2465\">Medikationsberatung<\/em><\/a><\/p>\n<\/li>\n<\/ul>\n<hr data-start=\"2467\" data-end=\"2470\" \/>\n<h3 data-start=\"2472\" data-end=\"2520\">Unterst\u00fctzung durch pharmazeutische Beratung<\/h3>\n<p data-start=\"2522\" data-end=\"2738\">Als Apotheke sind wir ein niedrigschwelliger Ansprechpartner f\u00fcr Fragen rund um Vorsorge und Pr\u00e4vention. Wir nehmen uns Zeit, erkl\u00e4ren Zusammenh\u00e4nge verst\u00e4ndlich und helfen Ihnen, fundierte Entscheidungen zu treffen.<\/p>\n<p data-start=\"2740\" data-end=\"2778\">Unsere Beratung umfasst unter anderem:<\/p>\n<ul data-start=\"2779\" data-end=\"2893\">\n<li data-start=\"2779\" data-end=\"2811\">\n<p data-start=\"2781\" data-end=\"2811\">allgemeine Gesundheitsfragen<\/p>\n<\/li>\n<li data-start=\"2812\" data-end=\"2857\">\n<p data-start=\"2814\" data-end=\"2857\">Empfehlungen zu unterst\u00fctzenden Produkten<\/p>\n<\/li>\n<li data-start=\"2858\" data-end=\"2893\">\n<p data-start=\"2860\" data-end=\"2893\">Hinweise zur sicheren Anwendung<\/p>\n<\/li>\n<\/ul>\n<p data-start=\"2895\" data-end=\"2948\"><strong data-start=\"2898\" data-end=\"2946\">Weitere Informationen finden Sie auch unter:<\/strong><\/p>\n<ul data-start=\"2949\" data-end=\"2974\">\n<li data-start=\"2949\" data-end=\"2974\">\n<p data-start=\"2951\" data-end=\"2974\"><a href=\"https:\/\/apotheke-am-rheumazentrum.de\/index.php\/gesundheit-beratung\/\"><em data-start=\"2951\" data-end=\"2974\">Gesundheit &amp; Beratung<\/em><\/a><\/p>\n<\/li>\n<\/ul>\n<hr data-start=\"2976\" data-end=\"2979\" \/>\n<h3 data-start=\"2981\" data-end=\"3025\">Ganzheitlicher Blick auf Ihre Gesundheit<\/h3>\n<p data-start=\"3027\" data-end=\"3236\">Vorsorge ist am wirkungsvollsten, wenn sie ganzheitlich gedacht wird. Ern\u00e4hrung, Bewegung, Hautpflege und eine sichere Arzneimittelanwendung greifen ineinander und sollten sinnvoll aufeinander abgestimmt sein.<\/p>\n<p data-start=\"3238\" data-end=\"3274\"><strong data-start=\"3241\" data-end=\"3272\">Passende erg\u00e4nzende Seiten:<\/strong><\/p>\n<ul data-start=\"3275\" data-end=\"3355\">\n<li data-start=\"3275\" data-end=\"3308\">\n<p data-start=\"3277\" data-end=\"3308\"><a href=\"https:\/\/apotheke-am-rheumazentrum.de\/index.php\/ernaehrung-mikronaehrstoffe\/\"><em data-start=\"3277\" data-end=\"3306\">Ern\u00e4hrung &amp; Mikron\u00e4hrstoffe<\/em><\/a><\/p>\n<\/li>\n<li data-start=\"3309\" data-end=\"3328\">\n<p data-start=\"3311\" data-end=\"3328\"><a href=\"https:\/\/apotheke-am-rheumazentrum.de\/index.php\/haut-pflege\/\"><em data-start=\"3311\" data-end=\"3326\">Haut &amp; Pflege<\/em><\/a><\/p>\n<\/li>\n<li data-start=\"3329\" data-end=\"3355\">\n<p data-start=\"3331\" data-end=\"3355\"><a href=\"https:\/\/apotheke-am-rheumazentrum.de\/index.php\/arzneimittelversorgung\/\"><em data-start=\"3331\" data-end=\"3355\">Arzneimittelversorgung<\/em><\/a><\/p>\n<\/li>\n<\/ul>\n<hr data-start=\"3357\" data-end=\"3360\" \/>\n<h3 data-start=\"3362\" data-end=\"3428\">Unser Anspruch: Fr\u00fchzeitig begleiten, langfristig unterst\u00fctzen<\/h3>\n<p data-start=\"3430\" data-end=\"3634\">Unser Anspruch ist es, Sie fr\u00fchzeitig zu begleiten und Ihnen dabei zu helfen, Ihre Gesundheit aktiv zu sch\u00fctzen. Mit Fachwissen, Erfahrung und pers\u00f6nlicher Beratung stehen wir Ihnen zuverl\u00e4ssig zur Seite.<\/p>\n","protected":false},"excerpt":{"rendered":"<p>Vorsorge &amp; Pr\u00e4vention Gesundheit erhalten \u2013 Risiken fr\u00fchzeitig erkennen Vorsorge und Pr\u00e4vention sind zentrale Bausteine f\u00fcr ein gesundes Leben. Viele Erkrankungen lassen sich durch fr\u00fchzeitige Ma\u00dfnahmen vermeiden oder zumindest positiv beeinflussen. In der Apotheke am RheumaZentrum Athanassios Kiroudis e.K. unterst\u00fctzen wir Sie dabei, aktiv Verantwortung f\u00fcr Ihre Gesundheit zu \u00fcbernehmen \u2013 mit fachkundiger Beratung und [&hellip;]<\/p>\n","protected":false},"author":1,"featured_media":0,"parent":0,"menu_order":0,"comment_status":"closed","ping_status":"closed","template":"page-templates\/page-full-width.php","meta":{"footnotes":""},"class_list":["post-97","page","type-page","status-publish","hentry"],"_links":{"self":[{"href":"https:\/\/apotheke-am-rheumazentrum.de\/index.php\/wp-json\/wp\/v2\/pages\/97","targetHints":{"allow":["GET"]}}],"collection":[{"href":"https:\/\/apotheke-am-rheumazentrum.de\/index.php\/wp-json\/wp\/v2\/pages"}],"about":[{"href":"https:\/\/apotheke-am-rheumazentrum.de\/index.php\/wp-json\/wp\/v2\/types\/page"}],"author":[{"embeddable":true,"href":"https:\/\/apotheke-am-rheumazentrum.de\/index.php\/wp-json\/wp\/v2\/users\/1"}],"replies":[{"embeddable":true,"href":"https:\/\/apotheke-am-rheumazentrum.de\/index.php\/wp-json\/wp\/v2\/comments?post=97"}],"version-history":[{"count":3,"href":"https:\/\/apotheke-am-rheumazentrum.de\/index.php\/wp-json\/wp\/v2\/pages\/97\/revisions"}],"predecessor-version":[{"id":154,"href":"https:\/\/apotheke-am-rheumazentrum.de\/index.php\/wp-json\/wp\/v2\/pages\/97\/revisions\/154"}],"wp:attachment":[{"href":"https:\/\/apotheke-am-rheumazentrum.de\/index.php\/wp-json\/wp\/v2\/media?parent=97"}],"curies":[{"name":"wp","href":"https:\/\/api.w.org\/{rel}","templated":true}]}}