{"id":94,"date":"2026-02-10T17:13:01","date_gmt":"2026-02-10T17:13:01","guid":{"rendered":"https:\/\/apotheke-am-rheumazentrum.de\/?page_id=94"},"modified":"2026-02-10T18:33:33","modified_gmt":"2026-02-10T18:33:33","slug":"gesundheit-beratung","status":"publish","type":"page","link":"https:\/\/apotheke-am-rheumazentrum.de\/index.php\/gesundheit-beratung\/","title":{"rendered":"Gesundheit &#038; Beratung"},"content":{"rendered":"<h2 data-start=\"216\" data-end=\"244\"><strong data-start=\"219\" data-end=\"244\">Gesundheit &amp; Beratung<\/strong><\/h2>\n<h3 data-start=\"246\" data-end=\"298\">Ganzheitliche Unterst\u00fctzung f\u00fcr Ihr Wohlbefinden<\/h3>\n<p data-start=\"300\" data-end=\"621\">Gesundheit bedeutet mehr als die Behandlung von Krankheiten. Sie umfasst Vorsorge, bewusste Lebensf\u00fchrung und eine gute Beratung in allen Lebensphasen. In der <strong data-start=\"459\" data-end=\"514\">Apotheke am RheumaZentrum Athanassios Kiroudis e.K.<\/strong> unterst\u00fctzen wir Sie mit fundierter pharmazeutischer Beratung, die den ganzen Menschen in den Blick nimmt.<\/p>\n<p data-start=\"623\" data-end=\"756\">Unser Ziel ist es, Sie nicht nur bei akuten Beschwerden zu begleiten, sondern Ihre Gesundheit langfristig zu f\u00f6rdern und zu erhalten.<\/p>\n<hr data-start=\"758\" data-end=\"761\" \/>\n<h3 data-start=\"763\" data-end=\"808\">Beratung, die \u00fcber Medikamente hinausgeht<\/h3>\n<p data-start=\"810\" data-end=\"1048\">Neben der Arzneimittelversorgung spielen viele weitere Faktoren eine wichtige Rolle f\u00fcr Ihr Wohlbefinden. Ern\u00e4hrung, Pr\u00e4vention und eine passende Pflege k\u00f6nnen ma\u00dfgeblich dazu beitragen, Beschwerden zu lindern und Krankheiten vorzubeugen.<\/p>\n<p data-start=\"1050\" data-end=\"1098\">Wir beraten Sie individuell und verst\u00e4ndlich zu:<\/p>\n<ul data-start=\"1099\" data-end=\"1215\">\n<li data-start=\"1099\" data-end=\"1134\">\n<p data-start=\"1101\" data-end=\"1134\">gesundheitsf\u00f6rdernden Ma\u00dfnahmen<\/p>\n<\/li>\n<li data-start=\"1135\" data-end=\"1164\">\n<p data-start=\"1137\" data-end=\"1164\">unterst\u00fctzenden Produkten<\/p>\n<\/li>\n<li data-start=\"1165\" data-end=\"1215\">\n<p data-start=\"1167\" data-end=\"1215\">sinnvollen Erg\u00e4nzungen zur \u00e4rztlichen Therapie<\/p>\n<\/li>\n<\/ul>\n<p data-start=\"1217\" data-end=\"1304\">Dabei orientieren wir uns stets an Ihrer pers\u00f6nlichen Situation und Ihren Bed\u00fcrfnissen.<\/p>\n<hr data-start=\"1306\" data-end=\"1309\" \/>\n<h2 data-start=\"1311\" data-end=\"1346\"><strong data-start=\"1314\" data-end=\"1346\">Unsere Beratungsschwerpunkte<\/strong><\/h2>\n<h3 data-start=\"1348\" data-end=\"1377\"><strong data-start=\"1352\" data-end=\"1377\">Vorsorge &amp; Pr\u00e4vention<\/strong><\/h3>\n<p data-start=\"1379\" data-end=\"1548\">Vorbeugung ist ein wichtiger Baustein f\u00fcr langfristige Gesundheit. Durch fr\u00fchzeitige Vorsorgema\u00dfnahmen lassen sich viele Erkrankungen vermeiden oder fr\u00fchzeitig erkennen.<\/p>\n<p data-start=\"1550\" data-end=\"1575\">Wir unterst\u00fctzen Sie bei:<\/p>\n<ul data-start=\"1576\" data-end=\"1702\">\n<li data-start=\"1576\" data-end=\"1606\">\n<p data-start=\"1578\" data-end=\"1606\">allgemeinen Vorsorgefragen<\/p>\n<\/li>\n<li data-start=\"1607\" data-end=\"1642\">\n<p data-start=\"1609\" data-end=\"1642\">sinnvollen Pr\u00e4ventionsma\u00dfnahmen<\/p>\n<\/li>\n<li data-start=\"1643\" data-end=\"1702\">\n<p data-start=\"1645\" data-end=\"1702\">der Auswahl geeigneter Produkte zur Gesundheitsvorsorge<\/p>\n<\/li>\n<\/ul>\n<p data-start=\"1704\" data-end=\"1749\"><strong data-start=\"1707\" data-end=\"1725\">Mehr erfahren:<\/strong> <a href=\"https:\/\/apotheke-am-rheumazentrum.de\/index.php\/vorsorge-praevention\/\"><em data-start=\"1726\" data-end=\"1749\">Vorsorge &amp; Pr\u00e4vention<\/em><\/a><\/p>\n<hr data-start=\"1751\" data-end=\"1754\" \/>\n<h3 data-start=\"1756\" data-end=\"1791\"><strong data-start=\"1760\" data-end=\"1791\">Ern\u00e4hrung &amp; Mikron\u00e4hrstoffe<\/strong><\/h3>\n<p data-start=\"1793\" data-end=\"2039\">Eine ausgewogene Ern\u00e4hrung und eine ausreichende Versorgung mit Vitaminen und Mineralstoffen sind essenziell f\u00fcr Gesundheit und Leistungsf\u00e4higkeit. Gerade bei chronischen Erkrankungen oder besonderen Lebenssituationen kann der Bedarf erh\u00f6ht sein.<\/p>\n<p data-start=\"2041\" data-end=\"2070\">Wir beraten Sie kompetent zu:<\/p>\n<ul data-start=\"2071\" data-end=\"2174\">\n<li data-start=\"2071\" data-end=\"2103\">\n<p data-start=\"2073\" data-end=\"2103\">Vitaminen und Mineralstoffen<\/p>\n<\/li>\n<li data-start=\"2104\" data-end=\"2133\">\n<p data-start=\"2106\" data-end=\"2133\">Nahrungserg\u00e4nzungsmitteln<\/p>\n<\/li>\n<li data-start=\"2134\" data-end=\"2174\">\n<p data-start=\"2136\" data-end=\"2174\">ern\u00e4hrungsbezogenen Fragen im Alltag<\/p>\n<\/li>\n<\/ul>\n<p data-start=\"2176\" data-end=\"2227\"><strong data-start=\"2179\" data-end=\"2197\">Mehr erfahren:<\/strong> <a href=\"https:\/\/apotheke-am-rheumazentrum.de\/index.php\/ernaehrung-mikronaehrstoffe\/\"><em data-start=\"2198\" data-end=\"2227\">Ern\u00e4hrung &amp; Mikron\u00e4hrstoffe<\/em><\/a><\/p>\n<hr data-start=\"2229\" data-end=\"2232\" \/>\n<h3 data-start=\"2234\" data-end=\"2255\"><strong data-start=\"2238\" data-end=\"2255\">Haut &amp; Pflege<\/strong><\/h3>\n<p data-start=\"2257\" data-end=\"2426\">Die Haut ist ein sensibles Organ und reagiert oft auf \u00e4u\u00dfere und innere Einfl\u00fcsse. Ob trockene, empfindliche oder erkrankte Haut \u2013 eine gezielte Pflege ist entscheidend.<\/p>\n<p data-start=\"2428\" data-end=\"2453\">Wir unterst\u00fctzen Sie bei:<\/p>\n<ul data-start=\"2454\" data-end=\"2592\">\n<li data-start=\"2454\" data-end=\"2495\">\n<p data-start=\"2456\" data-end=\"2495\">der Auswahl geeigneter Pflegeprodukte<\/p>\n<\/li>\n<li data-start=\"2496\" data-end=\"2532\">\n<p data-start=\"2498\" data-end=\"2532\">dermatologischen Fragestellungen<\/p>\n<\/li>\n<li data-start=\"2533\" data-end=\"2592\">\n<p data-start=\"2535\" data-end=\"2592\">Hautproblemen im Rahmen von Erkrankungen oder Therapien<\/p>\n<\/li>\n<\/ul>\n<p data-start=\"2594\" data-end=\"2631\"><strong data-start=\"2597\" data-end=\"2615\">Mehr erfahren:<\/strong> <a href=\"https:\/\/apotheke-am-rheumazentrum.de\/index.php\/haut-pflege\/\"><em data-start=\"2616\" data-end=\"2631\">Haut &amp; Pflege<\/em><\/a><\/p>\n<hr data-start=\"2633\" data-end=\"2636\" \/>\n<h3 data-start=\"2638\" data-end=\"2694\">Individuelle Beratung in vertrauensvoller Atmosph\u00e4re<\/h3>\n<p data-start=\"2696\" data-end=\"2892\">Alle Beratungen erfolgen bei uns pers\u00f6nlich, diskret und ohne Zeitdruck. Wir nehmen uns Zeit, erkl\u00e4ren Zusammenh\u00e4nge verst\u00e4ndlich und helfen Ihnen, die f\u00fcr Sie passenden Entscheidungen zu treffen.<\/p>\n<p data-start=\"2894\" data-end=\"3034\">Dabei arbeiten wir erg\u00e4nzend zur \u00e4rztlichen Betreuung und sehen uns als kompetenten Ansprechpartner f\u00fcr alle Fragen rund um Ihre Gesundheit.<\/p>\n<hr data-start=\"3036\" data-end=\"3039\" \/>\n<h3 data-start=\"3041\" data-end=\"3086\">Verbindung zu unseren weiteren Leistungen<\/h3>\n<p data-start=\"3088\" data-end=\"3297\">Unsere Gesundheitsberatung ist eng mit unseren pharmazeutischen Leistungen verkn\u00fcpft. So k\u00f6nnen wir Sie ganzheitlich unterst\u00fctzen und sicherstellen, dass alle Empfehlungen sinnvoll aufeinander abgestimmt sind.<\/p>\n<p data-start=\"3299\" data-end=\"3326\"><strong data-start=\"3302\" data-end=\"3324\">Erg\u00e4nzende Seiten:<\/strong><\/p>\n<ul data-start=\"3327\" data-end=\"3432\">\n<li data-start=\"3327\" data-end=\"3354\">\n<p data-start=\"3329\" data-end=\"3354\"><a href=\"https:\/\/apotheke-am-rheumazentrum.de\/index.php\/leistungen-services\/\"><em data-start=\"3329\" data-end=\"3352\">Leistungen &amp; Services<\/em><\/a><\/p>\n<\/li>\n<li data-start=\"3355\" data-end=\"3383\">\n<p data-start=\"3357\" data-end=\"3383\"><a href=\"https:\/\/apotheke-am-rheumazentrum.de\/index.php\/arzneimittelversorgung\/\"><em data-start=\"3357\" data-end=\"3381\">Arzneimittelversorgung<\/em><\/a><\/p>\n<\/li>\n<li data-start=\"3384\" data-end=\"3409\">\n<p data-start=\"3386\" data-end=\"3409\"><a href=\"https:\/\/apotheke-am-rheumazentrum.de\/index.php\/medikationsberatung\/\"><em data-start=\"3386\" data-end=\"3407\">Medikationsberatung<\/em><\/a><\/p>\n<\/li>\n<li data-start=\"3410\" data-end=\"3432\">\n<p data-start=\"3412\" data-end=\"3432\"><a href=\"https:\/\/apotheke-am-rheumazentrum.de\/index.php\/schwerpunkt-rheuma\/\"><em data-start=\"3412\" data-end=\"3432\">Schwerpunkt Rheuma<\/em><\/a><\/p>\n<\/li>\n<\/ul>\n<hr data-start=\"3434\" data-end=\"3437\" \/>\n<h3 data-start=\"3439\" data-end=\"3497\">Unser Anspruch: Ganzheitlich, verst\u00e4ndlich, pers\u00f6nlich<\/h3>\n<p data-start=\"3499\" data-end=\"3742\">Unser Anspruch ist es, Ihnen Orientierung zu geben, Ihre Gesundheit zu st\u00e4rken und Sie langfristig zu begleiten. Mit Fachwissen, Erfahrung und pers\u00f6nlichem Engagement stehen wir Ihnen bei allen Fragen rund um Gesundheit und Beratung zur Seite.<\/p>\n","protected":false},"excerpt":{"rendered":"<p>Gesundheit &amp; Beratung Ganzheitliche Unterst\u00fctzung f\u00fcr Ihr Wohlbefinden Gesundheit bedeutet mehr als die Behandlung von Krankheiten. Sie umfasst Vorsorge, bewusste Lebensf\u00fchrung und eine gute Beratung in allen Lebensphasen. In der Apotheke am RheumaZentrum Athanassios Kiroudis e.K. unterst\u00fctzen wir Sie mit fundierter pharmazeutischer Beratung, die den ganzen Menschen in den Blick nimmt. Unser Ziel ist es, [&hellip;]<\/p>\n","protected":false},"author":1,"featured_media":0,"parent":0,"menu_order":0,"comment_status":"closed","ping_status":"closed","template":"page-templates\/page-full-width.php","meta":{"footnotes":""},"class_list":["post-94","page","type-page","status-publish","hentry"],"_links":{"self":[{"href":"https:\/\/apotheke-am-rheumazentrum.de\/index.php\/wp-json\/wp\/v2\/pages\/94","targetHints":{"allow":["GET"]}}],"collection":[{"href":"https:\/\/apotheke-am-rheumazentrum.de\/index.php\/wp-json\/wp\/v2\/pages"}],"about":[{"href":"https:\/\/apotheke-am-rheumazentrum.de\/index.php\/wp-json\/wp\/v2\/types\/page"}],"author":[{"embeddable":true,"href":"https:\/\/apotheke-am-rheumazentrum.de\/index.php\/wp-json\/wp\/v2\/users\/1"}],"replies":[{"embeddable":true,"href":"https:\/\/apotheke-am-rheumazentrum.de\/index.php\/wp-json\/wp\/v2\/comments?post=94"}],"version-history":[{"count":3,"href":"https:\/\/apotheke-am-rheumazentrum.de\/index.php\/wp-json\/wp\/v2\/pages\/94\/revisions"}],"predecessor-version":[{"id":152,"href":"https:\/\/apotheke-am-rheumazentrum.de\/index.php\/wp-json\/wp\/v2\/pages\/94\/revisions\/152"}],"wp:attachment":[{"href":"https:\/\/apotheke-am-rheumazentrum.de\/index.php\/wp-json\/wp\/v2\/media?parent=94"}],"curies":[{"name":"wp","href":"https:\/\/api.w.org\/{rel}","templated":true}]}}