{"id":79,"date":"2026-02-10T17:10:25","date_gmt":"2026-02-10T17:10:25","guid":{"rendered":"https:\/\/apotheke-am-rheumazentrum.de\/?page_id=79"},"modified":"2026-02-10T18:15:31","modified_gmt":"2026-02-10T18:15:31","slug":"medikationsberatung","status":"publish","type":"page","link":"https:\/\/apotheke-am-rheumazentrum.de\/index.php\/medikationsberatung\/","title":{"rendered":"Medikationsberatung"},"content":{"rendered":"<h2 data-start=\"247\" data-end=\"273\"><strong data-start=\"250\" data-end=\"273\">Medikationsberatung<\/strong><\/h2>\n<h3 data-start=\"275\" data-end=\"333\">Sicherheit und \u00dcbersicht f\u00fcr Ihre Arzneimitteltherapie<\/h3>\n<p data-start=\"335\" data-end=\"626\">Die richtige Einnahme von Medikamenten ist entscheidend f\u00fcr den Therapieerfolg. In der <strong data-start=\"422\" data-end=\"477\">Apotheke am RheumaZentrum Athanassios Kiroudis e.K.<\/strong> unterst\u00fctzen wir Sie mit einer umfassenden Medikationsberatung, die Ihnen Sicherheit, Klarheit und Vertrauen im Umgang mit Ihren Arzneimitteln gibt.<\/p>\n<p data-start=\"628\" data-end=\"763\">Gerade bei mehreren gleichzeitig eingenommenen Medikamenten oder langfristigen Therapien ist eine strukturierte Beratung unverzichtbar.<\/p>\n<hr data-start=\"765\" data-end=\"768\" \/>\n<h3 data-start=\"770\" data-end=\"819\">Warum eine Medikationsberatung so wichtig ist<\/h3>\n<p data-start=\"821\" data-end=\"1053\">Viele Patientinnen und Patienten nehmen dauerhaft mehrere Arzneimittel ein \u2013 oft verordnet von unterschiedlichen \u00c4rztinnen und \u00c4rzten. Dabei k\u00f6nnen Wechselwirkungen, Doppelverordnungen oder Unsicherheiten in der Anwendung entstehen.<\/p>\n<p data-start=\"1055\" data-end=\"1094\">Unsere Medikationsberatung hilft dabei:<\/p>\n<ul data-start=\"1095\" data-end=\"1250\">\n<li data-start=\"1095\" data-end=\"1129\">\n<p data-start=\"1097\" data-end=\"1129\">Risiken fr\u00fchzeitig zu erkennen<\/p>\n<\/li>\n<li data-start=\"1130\" data-end=\"1178\">\n<p data-start=\"1132\" data-end=\"1178\">die Wirksamkeit Ihrer Therapie zu verbessern<\/p>\n<\/li>\n<li data-start=\"1179\" data-end=\"1210\">\n<p data-start=\"1181\" data-end=\"1210\">Nebenwirkungen zu vermeiden<\/p>\n<\/li>\n<li data-start=\"1211\" data-end=\"1250\">\n<p data-start=\"1213\" data-end=\"1250\">Ihre Arzneimittel sicher anzuwenden<\/p>\n<\/li>\n<\/ul>\n<p data-start=\"1252\" data-end=\"1365\">Ziel ist es, Ihre gesamte Medikation \u00fcbersichtlich, verst\u00e4ndlich und optimal aufeinander abgestimmt zu gestalten.<\/p>\n<hr data-start=\"1367\" data-end=\"1370\" \/>\n<h3 data-start=\"1372\" data-end=\"1415\">Was umfasst unsere Medikationsberatung?<\/h3>\n<p data-start=\"1417\" data-end=\"1531\">Im Rahmen der Medikationsberatung erfassen und pr\u00fcfen wir Ihre vollst\u00e4ndige Arzneimitteltherapie \u2013 einschlie\u00dflich:<\/p>\n<ul data-start=\"1532\" data-end=\"1645\">\n<li data-start=\"1532\" data-end=\"1573\">\n<p data-start=\"1534\" data-end=\"1573\">verschreibungspflichtiger Medikamente<\/p>\n<\/li>\n<li data-start=\"1574\" data-end=\"1603\">\n<p data-start=\"1576\" data-end=\"1603\">rezeptfreier Arzneimittel<\/p>\n<\/li>\n<li data-start=\"1604\" data-end=\"1645\">\n<p data-start=\"1606\" data-end=\"1645\">Nahrungserg\u00e4nzungsmittel und Vitamine<\/p>\n<\/li>\n<\/ul>\n<p data-start=\"1647\" data-end=\"1709\">Wir analysieren Ihre Medikation unter anderem im Hinblick auf:<\/p>\n<ul data-start=\"1710\" data-end=\"1789\">\n<li data-start=\"1710\" data-end=\"1730\">\n<p data-start=\"1712\" data-end=\"1730\">Wechselwirkungen<\/p>\n<\/li>\n<li data-start=\"1731\" data-end=\"1746\">\n<p data-start=\"1733\" data-end=\"1746\">Dosierungen<\/p>\n<\/li>\n<li data-start=\"1747\" data-end=\"1769\">\n<p data-start=\"1749\" data-end=\"1769\">Einnahmezeitpunkte<\/p>\n<\/li>\n<li data-start=\"1770\" data-end=\"1789\">\n<p data-start=\"1772\" data-end=\"1789\">Vertr\u00e4glichkeit<\/p>\n<\/li>\n<\/ul>\n<p data-start=\"1791\" data-end=\"1910\">Anschlie\u00dfend besprechen wir die Ergebnisse verst\u00e4ndlich mit Ihnen und geben Ihnen konkrete Empfehlungen f\u00fcr den Alltag.<\/p>\n<hr data-start=\"1912\" data-end=\"1915\" \/>\n<h3 data-start=\"1917\" data-end=\"1969\">Besondere Bedeutung bei chronischen Erkrankungen<\/h3>\n<p data-start=\"1971\" data-end=\"2212\">Bei chronischen Erkrankungen \u2013 insbesondere bei rheumatischen Erkrankungen \u2013 ist die Medikationsberatung ein zentraler Bestandteil der Therapie. H\u00e4ufig kommen hier komplexe Behandlungspl\u00e4ne und langfristige Medikamenteneinnahmen zum Einsatz.<\/p>\n<p data-start=\"2214\" data-end=\"2262\">Durch unsere spezialisierte Beratung k\u00f6nnen wir:<\/p>\n<ul data-start=\"2263\" data-end=\"2375\">\n<li data-start=\"2263\" data-end=\"2293\">\n<p data-start=\"2265\" data-end=\"2293\">Therapien sicher begleiten<\/p>\n<\/li>\n<li data-start=\"2294\" data-end=\"2331\">\n<p data-start=\"2296\" data-end=\"2331\">Ver\u00e4nderungen fr\u00fchzeitig erkennen<\/p>\n<\/li>\n<li data-start=\"2332\" data-end=\"2375\">\n<p data-start=\"2334\" data-end=\"2375\">Ihnen Orientierung und Stabilit\u00e4t geben<\/p>\n<\/li>\n<\/ul>\n<p data-start=\"2377\" data-end=\"2424\"><strong data-start=\"2380\" data-end=\"2422\">Passende Erg\u00e4nzungen finden Sie unter:<\/strong><\/p>\n<ul data-start=\"2425\" data-end=\"2479\">\n<li data-start=\"2425\" data-end=\"2456\">\n<p data-start=\"2427\" data-end=\"2456\"><a href=\"https:\/\/apotheke-am-rheumazentrum.de\/index.php\/rheuma-schmerztherapie\/\"><em data-start=\"2427\" data-end=\"2454\">Rheuma- &amp; Schmerztherapie<\/em><\/a><\/p>\n<\/li>\n<li data-start=\"2457\" data-end=\"2479\">\n<p data-start=\"2459\" data-end=\"2479\"><a href=\"https:\/\/apotheke-am-rheumazentrum.de\/index.php\/schwerpunkt-rheuma\/\"><em data-start=\"2459\" data-end=\"2479\">Schwerpunkt Rheuma<\/em><\/a><\/p>\n<\/li>\n<\/ul>\n<hr data-start=\"2481\" data-end=\"2484\" \/>\n<h3 data-start=\"2486\" data-end=\"2525\">Medikationspl\u00e4ne f\u00fcr mehr \u00dcbersicht<\/h3>\n<p data-start=\"2527\" data-end=\"2706\">Ein strukturierter Medikationsplan erleichtert den Alltag erheblich. Auf Wunsch erstellen wir f\u00fcr Sie eine \u00fcbersichtliche Zusammenstellung Ihrer Medikamente mit klaren Angaben zu:<\/p>\n<ul data-start=\"2707\" data-end=\"2762\">\n<li data-start=\"2707\" data-end=\"2720\">\n<p data-start=\"2709\" data-end=\"2720\">Dosierung<\/p>\n<\/li>\n<li data-start=\"2721\" data-end=\"2742\">\n<p data-start=\"2723\" data-end=\"2742\">Einnahmezeitpunkt<\/p>\n<\/li>\n<li data-start=\"2743\" data-end=\"2762\">\n<p data-start=\"2745\" data-end=\"2762\">Anwendungsdauer<\/p>\n<\/li>\n<\/ul>\n<p data-start=\"2764\" data-end=\"2854\">Dies unterst\u00fctzt nicht nur Sie selbst, sondern auch Ihre behandelnden \u00c4rztinnen und \u00c4rzte.<\/p>\n<hr data-start=\"2856\" data-end=\"2859\" \/>\n<h3 data-start=\"2861\" data-end=\"2899\">Pers\u00f6nliche Beratung auf Augenh\u00f6he<\/h3>\n<p data-start=\"2901\" data-end=\"3126\">Unsere Medikationsberatung erfolgt stets in einem pers\u00f6nlichen und vertraulichen Gespr\u00e4ch. Wir nehmen uns Zeit, Ihre Fragen zu beantworten und Zusammenh\u00e4nge verst\u00e4ndlich zu erkl\u00e4ren \u2013 ohne Fachjargon, daf\u00fcr mit viel Sorgfalt.<\/p>\n<p data-start=\"3128\" data-end=\"3193\">Dabei stehen Ihre individuellen Bed\u00fcrfnisse immer im Mittelpunkt.<\/p>\n<p data-start=\"3195\" data-end=\"3236\"><strong data-start=\"3198\" data-end=\"3234\">Mehr zur pers\u00f6nlichen Betreuung:<\/strong><\/p>\n<ul data-start=\"3237\" data-end=\"3262\">\n<li data-start=\"3237\" data-end=\"3262\">\n<p data-start=\"3239\" data-end=\"3262\"><em data-start=\"3239\" data-end=\"3262\">Individuelle Beratung<\/em><\/p>\n<\/li>\n<\/ul>\n<hr data-start=\"3264\" data-end=\"3267\" \/>\n<h3 data-start=\"3269\" data-end=\"3315\">Enge Verbindung zur Arzneimittelversorgung<\/h3>\n<p data-start=\"3317\" data-end=\"3523\">Die Medikationsberatung ist eng mit unserer Arzneimittelversorgung verkn\u00fcpft. Jede neue Verordnung, jede \u00c4nderung Ihrer Medikation wird von uns sorgf\u00e4ltig gepr\u00fcft und in Ihre bestehende Therapie integriert.<\/p>\n<p data-start=\"3525\" data-end=\"3576\"><strong data-start=\"3528\" data-end=\"3574\">Erg\u00e4nzende Informationen finden Sie unter:<\/strong><\/p>\n<ul data-start=\"3577\" data-end=\"3603\">\n<li data-start=\"3577\" data-end=\"3603\">\n<p data-start=\"3579\" data-end=\"3603\"><a href=\"https:\/\/apotheke-am-rheumazentrum.de\/index.php\/arzneimittelversorgung\/\"><em data-start=\"3579\" data-end=\"3603\">Arzneimittelversorgung<\/em><\/a><\/p>\n<\/li>\n<\/ul>\n<hr data-start=\"3605\" data-end=\"3608\" \/>\n<h3 data-start=\"3610\" data-end=\"3664\">Unser Anspruch: Sicherheit, Klarheit und Vertrauen<\/h3>\n<p data-start=\"3666\" data-end=\"3876\">Eine gute Medikationsberatung schafft Vertrauen und Sicherheit. Unser Anspruch ist es, Sie langfristig zu begleiten und Ihnen dabei zu helfen, Ihre Arzneimittel sicher, wirksam und mit gutem Gef\u00fchl einzunehmen.<\/p>\n","protected":false},"excerpt":{"rendered":"<p>Medikationsberatung Sicherheit und \u00dcbersicht f\u00fcr Ihre Arzneimitteltherapie Die richtige Einnahme von Medikamenten ist entscheidend f\u00fcr den Therapieerfolg. In der Apotheke am RheumaZentrum Athanassios Kiroudis e.K. unterst\u00fctzen wir Sie mit einer umfassenden Medikationsberatung, die Ihnen Sicherheit, Klarheit und Vertrauen im Umgang mit Ihren Arzneimitteln gibt. Gerade bei mehreren gleichzeitig eingenommenen Medikamenten oder langfristigen Therapien ist eine [&hellip;]<\/p>\n","protected":false},"author":1,"featured_media":0,"parent":0,"menu_order":0,"comment_status":"closed","ping_status":"closed","template":"page-templates\/page-full-width.php","meta":{"footnotes":""},"class_list":["post-79","page","type-page","status-publish","hentry"],"_links":{"self":[{"href":"https:\/\/apotheke-am-rheumazentrum.de\/index.php\/wp-json\/wp\/v2\/pages\/79","targetHints":{"allow":["GET"]}}],"collection":[{"href":"https:\/\/apotheke-am-rheumazentrum.de\/index.php\/wp-json\/wp\/v2\/pages"}],"about":[{"href":"https:\/\/apotheke-am-rheumazentrum.de\/index.php\/wp-json\/wp\/v2\/types\/page"}],"author":[{"embeddable":true,"href":"https:\/\/apotheke-am-rheumazentrum.de\/index.php\/wp-json\/wp\/v2\/users\/1"}],"replies":[{"embeddable":true,"href":"https:\/\/apotheke-am-rheumazentrum.de\/index.php\/wp-json\/wp\/v2\/comments?post=79"}],"version-history":[{"count":2,"href":"https:\/\/apotheke-am-rheumazentrum.de\/index.php\/wp-json\/wp\/v2\/pages\/79\/revisions"}],"predecessor-version":[{"id":145,"href":"https:\/\/apotheke-am-rheumazentrum.de\/index.php\/wp-json\/wp\/v2\/pages\/79\/revisions\/145"}],"wp:attachment":[{"href":"https:\/\/apotheke-am-rheumazentrum.de\/index.php\/wp-json\/wp\/v2\/media?parent=79"}],"curies":[{"name":"wp","href":"https:\/\/api.w.org\/{rel}","templated":true}]}}